hat is -14 (base 5) in base 6?
-13
What is -b3 (base 15) in base 13?
-cc
What is -2b (base 16) in base 10?
-43
-1 (base 16) to base 3
-1
Convert 0 (base 16) to base 5.
0
Convert 232 (base 9) to base 14.
d9
Convert 3 (base 6) to base 12.
3
Convert -10100 (base 3) to base 15.
-60
5 (base 15) to base 7
5
Convert -614 (base 7) to base 2.
-100110001
22021 (base 3) to base 4
3133
-1 (base 8) to base 16
-1
-405 (base 9) to base 10
-329
What is -3 (base 9) in base 6?
-3
Convert 1011 (base 2) to base 11.
10
What is -13 (base 8) in base 10?
-11
Convert -211 (base 5) to base 8.
-70
Convert 135 (base 6) to base 10.
59
-2 (base 13) to base 9
-2
What is -29 (base 11) in base 12?
-27
Convert -111100 (base 2) to base 15.
-40
What is -10101 (base 2) in base 9?
-23
Convert 4 (base 14) to base 15.
4
-2 (base 16) to base 8
-2
What is 73 (base 8) in base 2?
111011
33 (base 6) to base 16
15
Convert -111 (base 2) to base 12.
-7
434 (base 5) to base 15
7e
Convert -28 (base 12) to base 14.
-24
Convert -43 (base 9) to base 14.
-2b
Convert 55 (base 6) to base 3.
1022
What is -45 (base 8) in base 2?
-100101
What is -1 (base 14) in base 5?
-1
10 (base 4) to base 5
4
101 (base 2) to base 8
5
Convert 204 (base 7) to base 11.
93
-4 (base 11) to base 8
-4
What is 2 (base 3) in base 16?
2
Convert -223 (base 4) to base 10.
-43
Convert 54 (base 6) to base 12.
2a
What is -1 (base 9) in base 11?
-1
c (base 14) to base 10
12
What is -101000010 (base 2) in base 11?
-273
What is -5 (base 8) in base 10?
-5
69 (base 13) to base 7
153
-4 (base 5) to base 8
-4
-2 (base 7) to base 9
-2
Convert 24a (base 11) to base 14.
172
Convert 2 (base 15) to base 8.
2
What is 0 (base 7) in base 5?
0
Convert -42 (base 5) to base 11.
-20
Convert 5 (base 10) to base 3.
12
11 (base 2) to base 10
3
What is 4 (base 6) in base 16?
4
Convert 3 (base 12) to base 3.
10
-2 (base 4) to base 6
-2
What is e (base 15) in base 8?
16
What is -91 (base 12) in base 6?
-301
-203 (base 4) to base 5
-120
285 (base 9) to base 14
131
-351 (base 8) to base 10
-233
Convert -8 (base 15) to base 9.
-8
What is 1 (base 6) in base 13?
1
Convert 57 (base 14) to base 7.
140
What is -103 (base 7) in base 8?
-64
-200 (base 9) to base 12
-116
What is -2 (base 15) in base 7?
-2
Convert -4 (base 14) to base 16.
-4
Convert -5 (base 7) to base 4.
-11
Convert 0 (base 11) to base 15.
0
What is 0 (base 11) in base 8?
0
-d2 (base 16) to base 11
-181
-3 (base 11) to base 8
-3
3221 (base 4) to base 9
278
5 (base 11) to base 5
10
Convert 242 (base 7) to base 10.
128
Convert -3a (base 14) to base 8.
-64
Convert 13 (base 4) to base 9.
7
27 (base 11) to base 10
29
Convert 4 (base 14) to base 7.
4
What is -18 (base 16) in base 9?
-26
Convert 100 (base 2) to base 11.
4
Convert 40 (base 6) to base 10.
24
191 (base 12) to base 13
166
What is 1000 (base 4) in base 15?
44
Convert 6 (base 16) to base 15.
6
What is 3 (base 10) in base 11?
3
-7 (base 10) to base 12
-7
Convert -17 (base 10) to base 5.
-32
-101 (base 2) to base 15
-5
7c (base 16) to base 11
103
9 (base 11) to base 13
9
2 (base 6) to base 10
2
What is -12 (base 10) in base 5?
-22
Convert 13 (base 4) to base 6.
11
-86 (base 13) to base 3
-11002
1 (base 14) to base 6
1
Convert -2 (base 3) to base 14.
-2
2 (base 16) to base 9
2
Convert 4 (base 11) to base 9.
4
Convert -5 (base 8) to base 11.
-5
10 (base 2) to base 14
2
Convert -49 (base 14) to base 13.
-50
What is -110 (base 2) in base 16?
-6
-39 (base 14) to base 4
-303
Convert 220 (base 5) to base 8.
74
What is 3 (base 15) in base 2?
11
What is -3 (base 13) in base 9?
-3
Convert -2 (base 15) to base 5.
-2
Convert 31 (base 7) to base 8.
26
Convert 10 (base 15) to base 2.
1111
Convert 5 (base 16) to base 6.
5
What is -12 (base 15) in base 2?
-10001
What is -2 (base 12) in base 10?
-2
Convert -11 (base 2) to base 4.
-3
124 (base 6) to base 9
57
What is -5 (base 11) in base 9?
-5
What is 2 (base 10) in base 15?
2
What is 147 (base 10) in base 5?
1042
What is 11 (base 13) in base 15?
e
Convert 11 (base 2) to base 4.
3
Convert 5 (base 11) to base 6.
5
0 (base 9) to base 8
0
12 (base 10) to base 14
c
-111 (base 2) to base 7
-10
Convert 7 (base 13) to base 16.
7
Convert 244 (base 5) to base 14.
54
What is 29 (base 10) in base 14?
21
What is -2 (base 16) in base 3?
-2
-2 (base 14) to base 13
-2
4 (base 10) to base 13
4
What is -f5 (base 16) in base 13?
-15b
Convert 11120 (base 3) to base 8.
173
-12 (base 7) to base 13
-9
Convert a1 (base 12) to base 4.
1321
What is 5 (base 15) in base 10?
5
What is 12 (base 7) in base 14?
9
What is 1 (base 6) in base 9?
1
Convert 0 (base 5) to base 4.
0
-1 (base 15) to base 16
-1
e7 (base 15) to base 5
1332
What is 2 (base 13) in base 8?
2
1 (base 12) to base 16
1
What is -3034 (base 5) in base 15?
-1b4
Convert -10 (base 7) to base 8.
-7
Convert 0 (base 14) to base 16.
0
What is 0 (base 14) in base 2?
0
What is -33 (base 5) in base 14?
-14
-4 (base 7) to base 12
-4
What is -8d (base 15) in base 6?
-341
-8 (base 11) to base 15
-8
-101010 (base 2) to base 14
-30
7 (base 14) to base 4
13
What is -4 (base 13) in base 8?
-4
Convert -2 (base 13) to base 14.
-2
-8 (base 16) to base 4
-20
What is -4 (base 9) in base 12?
-4
-35 (base 10) to base 7
-50
What is 1001 (base 2) in base 10?
9
Convert -10 (base 6) to base 11.
-6
Convert 0 (base 3) to base 16.
0
4 (base 7) to base 12
4
Convert -3 (base 9) to base 11.
-3
What is 10 (base 5) in base 4?
11
Convert -2 (base 14) to base 2.
-10
-15 (base 9) to base 8
-16
Convert 6 (base 14) to base 5.
11
What is 40 (base 7) in base 13?
22
What is -12 (base 6) in base 3?
-22
100 (base 2) to base 11
4
Convert -1013 (base 5) to base 11.
-111
Convert -47 (base 9) to base 2.
-101011
What is 2203 (base 4) in base 10?
163
What is -5 (base 6) in base 2?
-101
113 (base 12) to base 16
9f
What is 77 (base 8) in base 2?
111111
Convert -3 (base 5) to base 2.
-11
0 (base 4) to base 15
0
What is -101 (base 11) in base 15?
-82
What is -3 (base 15) in base 13?
-3
-10011 (base 2) to base 11
-18
What is 2 (base 4) in base 11?
2
6 (base 11) to base 16
6
Convert -17 (base 9) to base 8.
-20
Convert 88 (base 13) to base 7.
220
What is 63 (base 15) in base 7?
162
Convert -20022 (base 3) to base 16.
-aa
87 (base 13) to base 11
a1
Convert 10000 (base 4) to base 14.
144
What is -5 (base 13) in base 15?
-5
Convert 1101000 (base 2) to base 8.
150
-67 (base 8) to base 11
-50
234 (base 5) to base 7
126
-13 (base 4) to base 3
-21
What is 0 (base 8) in base 3?
0
What is 7 (base 13) in base 2?
111
-10010 (base 2) to base 16
-12
-4 (base 11) to base 9
-4
What is -17a (base 12) in base 4?
-3232
4 (base 8) to base 10
4
What is 77 (base 12) in base 3?
10101
-126 (base 10) to base 16
-7e
0 (base 5) to base 8
0
0 (base 12) to base 14
0
What is -3 (base 4) in base 16?
-3
23 (base 6) to base 13
12
Convert 100 (base 3) to base 15.
9
11 (base 6) to base 5
12
Convert a (base 13) to base 15.
a
What is 2 (base 15) in base 4?
2
What is -4 (base 14) in base 7?
-4
1 (base 8) to base 5
1
What is 1 (base 16) in base 6?
1
What is -11 (base 2) in base 3?
-10
Convert -12 (base 4) to base 3.
-20
-10202 (base 3) to base 6
-245
Convert 2 (base 14) to base 12.
2
What is d (base 16) in base 4?
31
What is 17 (base 9) in base 12?
14
25 (base 8) to base 4
111
What is -1001 (base 2) in base 7?
-12
Convert 138 (base 12) to base 7.
356
Convert 132 (base 4) to base 3.
1010
-1422 (base 6) to base 7
-1043
Convert -15 (base 15) to base 11.
-19
-2 (base 10) to base 3
-2
Convert 2 (base 7) to base 12.
2
Convert 1 (base 8) to base 6.
1
What is 10 (base 3) in base 13?
3
Convert 11001110 (base 2) to base 3.
21122
Convert -131 (base 5) to base 6.
-105
What is 1003 (base 4) in base 8?
103
Convert -6 (base 8) to base 6.
-10
-67 (base 10) to base 15
-47
-56 (base 16) to base 9
-105
1011 (base 3) to base 7
43
What is -22 (base 8) in base 15?
-13
55 (base 14) to base 4
1023
What is -29 (base 10) in base 12?
-25
Convert 422 (base 6) to base 9.
185
What is -12 (base 3) in base 6?
-5
Convert -29 (base 12) to base 11.
-30
Convert 10000110 (base 2) to base 16.
86
-144 (base 5) to base 2
-110001
3 (base 7) to base 11
3
Convert 3 (base 6) to base 12.
3
2 (base 12) to base 8
2
10 (base 2) to base 5
2
88 (base 11) to base 10
96
-2 (base 3) to base 10
-2
What is -67 (base 12) in